{"id":660,"date":"2014-08-19T23:58:04","date_gmt":"2014-08-19T21:58:04","guid":{"rendered":"http:\/\/www.storchenreise.de\/reisen\/?page_id=660"},"modified":"2025-09-18T14:19:29","modified_gmt":"2025-09-18T12:19:29","slug":"aegypten","status":"publish","type":"page","link":"https:\/\/www.storchenreise.de\/reisen\/fliegen\/segeln-in-den-sueden-die-ostroute\/aegypten\/","title":{"rendered":"\u00c4gypten"},"content":{"rendered":"<p>In \u00c4gypten fliegen die St\u00f6rche \u00fcber die Halbinsel Sinai, weiter \u00fcber den Golf von Suez und folgen dann dem Nil bis zur Grenze des Sudans. In \u00c4gypten lauert eine gro\u00dfe Gefahr auf den Storch: Hier stehen Zug- und Singv\u00f6gel noch auf der Speisekarte. Von der Grenze zu Libyen bis zum Gaza-Streifen erstreckt sich die gr\u00f6\u00dfte Vogelfanganlage der Welt. \u00dcber 700 Kilometer ist ein Fangnetz gespannt, in denen sich die ersch\u00f6pften V\u00f6gel verfangen. Gro\u00dfe V\u00f6gel wie der Storch werden geschossen. Eigentlich ist das verboten, da die J\u00e4ger aber von der Regierung nicht bestraft werden, machen sie einfach weiter.<\/p>\n<p>Viele St\u00f6rche sterben auch an einer gro\u00dfen Kl\u00e4ranlage im S\u00fcden der Insel Sinai. Von oben aus gesehen, l\u00e4sst die Kl\u00e4ranlage mit ihren vielen Wasserfl\u00e4chen einen guten Rastplatz vermuten. Die St\u00f6rche landen und trinken das verschmutze Wasser.<\/p>\n<p>\u00c4gypten ist das Land der Pyramiden und alten G\u00f6tter, von Papyrus und Hieroglyphen. Hieroglyphen sind Schriftzeichen, die im alten \u00c4gypten vor \u00fcber 3000 Jahren in Stein gemei\u00dfelt wurden. Es gibt rund 6000 Hieroglyphen, eine davon zeigt einen Storch und steht f\u00fcr Macht und Ansehen.<\/p>\n<p>\u00c4gypten hat ungef\u00e4hr so viele Einwohner wie Deutschland, ist aber dreimal so gro\u00df. Fast alle \u00c4gypter leben am weltweit l\u00e4ngsten Fluss, dem Nil. Die meisten von ihnen im Delta. Hier, nur 25 Kilometer von der Stadt Kairo entfernt, spaltet sich der Nil in viele kleine Fl\u00fcsse und in zwei M\u00fcndungsarme auf und erreicht dann das Mittelmeer. Diese Gegend ist sehr fruchtbar. Im Gegensatz zum Rest des Landes: \u00c4gypten besteht fast nur aus W\u00fcste.<\/p>\n<p>In \u00c4gypten isst man fast kein Fleisch, denn das ist hier sehr teuer. Stattdessen kochen die \u00c4gypter Gem\u00fcse, Kichererbsen, Reis und Linsen. Die meisten Menschen sind Moslems.<\/p>\n<div class=\"wissen\"><h2><img decoding=\"async\" class=\" flat alignleft\" src=\"\/reisen\/wordpress\/wp-content\/themes\/storchenreise-child-reisen\/img\/wusstest-du-schon.png\" alt=\"Wusstest Du schon\" width=\"auto\" height=\"200\">Wusstest Du schon, dass \u2026<\/h2><p><\/p>\n<p>die Cheops Pyramide in \u00c4gypten einmal fast 150 Meter hoch war? Das ist unglaublich hoch, wenn man bedenkt, dass es vor 4500 Jahren nat\u00fcrlich noch keine Kr\u00e4ne gab. Die Pyramide wurde von H\u00e4nden gebaut und zwar von den Sklaven der \u00e4gyptischen Pharaonen. Sie zwangen ihre Sklaven Tausende von Steinen \u00fcber Rampen nach oben zu ziehen und hart zu arbeiten.<\/p>\n<p><\/p><\/div>\n<p>&nbsp;<\/p>\n\n<div class=\"fragebogen\"><span>Steckbrief<\/span><br \/>\n<strong>Wie hei\u00dft du?<\/strong> Maryam Mohamed<\/p>\n<p><strong>Wie alt bist du?<\/strong> 14 Jahre<\/p>\n<p><strong>Wie begr\u00fc\u00dft man sich bei euch?<\/strong> \u0627\u0644\u0633\u0644\u0627\u0645 \u0639\u0644\u064a\u0643\u0645<\/p>\n<p><strong>Was siehst du, wenn du aus deinem Haus guckst?<\/strong> Einen Garten und die Stra\u00dfe dahinter.<\/p>\n<p><strong>An welchem Ort bist du am liebsten?<\/strong> Ich bin gerne in der Stadt Sharm el sheikh.<\/p>\n<p><strong>Wovor hast du Angst?<\/strong> Vor gar nichts, ich bin furchtlos.<\/p>\n<p><strong>Was ist dein Lieblingsessen?<\/strong> Hawawshi, das ist mit Fleisch gef\u00fclltes und gebackenes Brot. Und Pizza.<\/p>\n<p><strong>Was ist dein gr\u00f6\u00dfter Wunsch?<\/strong> Ich w\u00fcnsche mir, in meinem Traumberuf arbeiten zu k\u00f6nnen.<\/p>\n<p><strong>Was m\u00f6chtest du sp\u00e4ter werden?<\/strong> Fotograf. Und zwar ein richtiger Profi, das ist mein Traum.<\/p>\n<p><strong>Was magst du besonders an deiner Stadt?<\/strong> Es ist gem\u00fctlich. Hier f\u00fchle ich mich zuhause.<\/p>\n<p><strong>Was spielst du am liebsten?<\/strong> Ich spiele gerne Kartenspiele.<\/p>\n<p><strong>Welches ist dein Lieblingsfest?<\/strong> Ramadan, ein muslimischer Feiertag.<\/p>\n<p><strong>Was ist dein Lieblingstier?<\/strong> Reh.<\/p>\n<p><strong>Was kannst du besonders gut?<\/strong> Malen und zeichnen.<\/p>\n<p><strong>Was m\u00f6chtest du gerne im Handumdrehen lernen?<\/strong> Tanzen.<\/p>\n<p><strong>Was kannst du besser als deine Eltern?<\/strong> Keine Ahnung&#8230; meine Eltern sind in allem toll.<\/p>\n<p><strong>In welches Land m\u00f6chtest du gerne mal reisen?<\/strong> Irgendwohin, egal, Hauptsache Europa.<\/p>\n<p><strong>Was f\u00e4llt dir zum Storch ein?<\/strong> Oje, nicht viel&#8230; es sind V\u00f6gel.<\/p>\n<p><strong>Hast du schon mal einen Storch gesehen?<\/strong> Ja, ich sehe St\u00f6rche sehr oft.<\/p>\n<p><\/div>","protected":false},"excerpt":{"rendered":"<p>In \u00c4gypten fliegen die St\u00f6rche \u00fcber die Halbinsel Sinai, weiter \u00fcber den Golf von Suez und folgen dann dem Nil bis zur Grenze des Sudans. In \u00c4gypten lauert eine gro\u00dfe Gefahr auf den Storch: Hier stehen Zug- und Singv\u00f6gel noch auf der Speisekarte. Von der Grenze zu Libyen bis zum Gaza-Streifen erstreckt sich die gr\u00f6\u00dfte [&hellip;]<\/p>\n<div class=\"excerpt\"> <a href=\"https:\/\/www.storchenreise.de\/reisen\/fliegen\/segeln-in-den-sueden-die-ostroute\/aegypten\/\"> Weiterlesen &#8230;<\/a><\/div>","protected":false},"author":2,"featured_media":0,"parent":605,"menu_order":119,"comment_status":"closed","ping_status":"closed","template":"","meta":{"footnotes":""},"class_list":["post-660","page","type-page","status-publish","hentry"],"_links":{"self":[{"href":"https:\/\/www.storchenreise.de\/reisen\/wp-json\/wp\/v2\/pages\/660","targetHints":{"allow":["GET"]}}],"collection":[{"href":"https:\/\/www.storchenreise.de\/reisen\/wp-json\/wp\/v2\/pages"}],"about":[{"href":"https:\/\/www.storchenreise.de\/reisen\/wp-json\/wp\/v2\/types\/page"}],"author":[{"embeddable":true,"href":"https:\/\/www.storchenreise.de\/reisen\/wp-json\/wp\/v2\/users\/2"}],"replies":[{"embeddable":true,"href":"https:\/\/www.storchenreise.de\/reisen\/wp-json\/wp\/v2\/comments?post=660"}],"version-history":[{"count":2,"href":"https:\/\/www.storchenreise.de\/reisen\/wp-json\/wp\/v2\/pages\/660\/revisions"}],"predecessor-version":[{"id":1473,"href":"https:\/\/www.storchenreise.de\/reisen\/wp-json\/wp\/v2\/pages\/660\/revisions\/1473"}],"up":[{"embeddable":true,"href":"https:\/\/www.storchenreise.de\/reisen\/wp-json\/wp\/v2\/pages\/605"}],"wp:attachment":[{"href":"https:\/\/www.storchenreise.de\/reisen\/wp-json\/wp\/v2\/media?parent=660"}],"curies":[{"name":"wp","href":"https:\/\/api.w.org\/{rel}","templated":true}]}}